he value of -4 + 2 + -1 - (1 + 1)?
-5
What is 3 + (5 - -1 - (-4 + 10))?
3
What is 162 + -158 - (-3 + -1)?
8
What is the value of -2 + (4 - 3) + -2 - 1?
-4
What is -3 + (-1 - (0 - 2))?
-2
Evaluate (0 - -4) + 6 + 6 + -7.
9
Calculate 1 - (3 + -4 - -6).
-4
What is 8 - (3 - -4) - (4 + 0)?
-3
Evaluate (-1 - -1) + -3 + (10 - 10).
-3
Calculate 3 - (13 - 6) - -2.
-2
(-4 + -2 - -13 - 15) + 15
7
What is the value of (-3 - 10) + -2 - -22?
7
Calculate 2 + -4 + -7 - -13.
4
Calculate -4 - 1 - (14 + -3 + -8).
-8
Evaluate -5 - 2 - 1 - -3.
-5
What is (3 - 6) + -1 + 3?
-1
(-4 - (11 + -11)) + (-1 - 0)
-5
What is -5 - (2 + 0 + -8)?
1
Evaluate (-1 - -1 - (-1 + -2)) + -6.
-3
Calculate (3 - -1) + (-35 - -28).
-3
Evaluate (-1 - 0) + -3 + -1 + 6.
1
What is -4 + 3 + -4 + 6?
1
Evaluate 5 - -1 - (-4 - -8 - -2).
0
Calculate -1 + 3 + -5 - (-57 + 60).
-6
What is the value of 10 - (6 + (-3 - -2 - 1))?
6
Calculate (0 - 1) + -11 + 14.
2
Evaluate 0 + -7 - (-76 - -66).
3
Evaluate (2 - (-4 + -1 + 4)) + -4.
-1
What is the value of 1 - -3 - (9 - 8)?
3
(2 - -6) + -2 + -1
5
-5 + (0 + 1 - (2 + -3))
-3
Calculate -7 - ((5 - 11) + 5).
-6
Evaluate 4 + -3 - (-1 - 1).
3
Calculate (13 - (-2 - 3)) + -5 + -6.
7
-6 + -3 + 12 + -2
1
Evaluate 5 + -15 + 0 + 5.
-5
Calculate (-10 - -4) + 3 + (-2 - -1).
-4
(-3 - 11) + 12 - (7 - 2)
-7
Calculate 7 + -2 + 7 + -11 + 8.
9
5 + -1 + -6 + (0 - 0)
-2
What is the value of 13 - ((0 - -15) + 3)?
-5
Calculate 0 - ((-4 - 2) + 12) - -5.
-1
What is the value of 11 + -4 - ((0 - -1) + 1)?
5
Evaluate (0 - -5) + -5 - 4.
-4
What is 0 + -2 + -2 + 2 + 0?
-2
-4 - (-6 - 3) - 4 - -1
2
Evaluate 4 + (-7 - -2) + -7.
-8
Evaluate (16 - 20) + 1 + -1 + -1.
-5
Evaluate 2 - (0 - (2 - 6)).
-2
What is -4 - (8 + -3 - 9)?
0
Evaluate -1 + (5 + 7 + -2 - 5).
4
What is the value of 0 + -9 + 11 + 4?
6
Calculate 0 + -10 + (12 - 6).
-4
What is the value of (-1 - -1) + (-4 - (-8 + 3))?
1
Evaluate -5 + -2 + (1 - 2) - -3.
-5
What is the value of (2 - 2) + 1 - (0 + 1)?
0
Evaluate (1 - 0) + (-7 - -10).
4
Evaluate 5 - (-5 - -12) - (1 + -5).
2
What is the value of -2 - ((-1 - -4 - 13) + 4)?
4
What is the value of -3 + -1 + 3 - -6?
5
Evaluate 8 - 0 - (10 + 0).
-2
What is the value of -6 + 4 + -1 + (0 - -3)?
0
7 + (-12 - 8) + 8
-5
Calculate (0 - (5 - 0)) + 8 + -4.
-1
Evaluate -2 - (0 - -4 - 2).
-4
What is 0 - -1 - 3 - (5 - 2)?
-5
0 - (-2 - -2) - (-8 + 3)
5
What is (-13 - -9) + 4 + 0 - -7?
7
Calculate (-9 - -4 - -8) + -6 + -2.
-5
-3 - (-1 + -3 + -8 + 14)
-5
(-8 - -14) + (-1 - (-1 + 1))
5
What is the value of -3 + 5 - (1 + 1 + -2)?
2
What is the value of (-5 - -2 - (4 - 7)) + -1?
-1
Calculate -3 - (-4 + 3 + -1).
-1
Calculate 1 + 3 + (-11 - -12).
5
-3 + (-6 + 16 + -6 - 6)
-5
(12 - 10) + -15 + (-2 - -10)
-5
What is the value of 4 + (-3 + -1 - (0 + 4))?
-4
What is -11 - (-20 + 5 + 7)?
-3
What is the value of 3 - 0 - (-4 - -4) - 3?
0
What is the value of 5 - (1 + 1 + -2)?
5
What is 1 + -4 - 0 - (2 - 0)?
-5
(1 - (3 + -4)) + (0 - 0)
2
Evaluate (4 - (-7 - -6)) + -8.
-3
What is 5 + -3 + -1 - 3?
-2
What is the value of 3 + (-7 - -3) - 0?
-1
What is the value of -3 + (5 - (9 + -6)) + 6?
5
What is 0 + (-1 - (0 + -1 + -2))?
2
What is the value of 0 + (10 - 8) - 6?
-4
What is the value of -2 + 3 - (-3 + 10)?
-6
Calculate -2 + 5 + (0 - 4).
-1
-6 - (-6 - (-3 - 2))
-5
Calculate -4 - (-5 - (2 + -2 - 3)).
-2
(2 - -10) + 37 + -40
9
Evaluate (11 - 12) + -6 + -1 - -5.
-3
What is the value of 1 + -3 + 0 - (54 + -54)?
-2
What is 4 - -1 - (11 + -10)?
4
What is 1 + (1 - 0) + (-12 - -7)?
-3
-9 - (1 + -13) - (-1 - -4)
0
2 + -10 + 3 + -5 + 4
-6
What is the value of -2 + (3 + -1 - (4 - 3))?
-1
-9 + 14 - (0 + (1 - 1))
5
Calculate (4 - 1 - -9) + (1 - 7).
6
(-10 - 0) + 2 + (9 - 5)
-4
What is 0 + (-1 - 2) - -4?
1
-4 + (-19 - -21) + (-4 - -1)
-5
What is -4 + 5 - (6 - 2)?
-3
(11 - 6) + -13 + 11
3
Calculate -11 + (3 - -4) + 0.
-4
What is the value of -4 - -1 - (18 + -16) - -4?
-1
Calculate -37 + 41 - (2 + -1 + 1).
2
Calculate -1 + -2 + 8 + 0.
5
What is the value of (3 - -1) + (1 - 5)?
0
Calculate -1 - -2 - ((4 - 0) + -6).
3
(21 - 10) + -8 + 2
5
Calculate -4 - (2 + -3) - (-7 - -4).
0
Calculate 16 - (-1 - -3 - -10).
4
Calculate (0 - 4) + (-4 - -3).
-5
-12 + 2 + 8 - -11
9
What is the value of 2 + (1 - (-2 - -2)) + -3?
0
Calculate -6 + 3 + (-32 - -36).
1
Calculate 4 + (0 + 4 - 0 - 9).
-1
9 + -2 - (-9 - -19)
-3
11 + -24 + 6 - -11
4
10 - 2 - 5 - 0
3
Evaluate (-2 - 0) + (-84 - -89).
3
-7 + 0 - (-5 - -2 - 1)
-3
Evaluate 7 - 5 - (-1 + 5).
-2
Evaluate 2 + 1 + (-16 - -10).
-3
What is the value of 3 + (-2 - (7 - 3)) - 1?
-4
What is the value of -20 + 22 + (1 - 0)?
3
Evaluate 11 - (6 - -5) - 6.
-6
(0 - -4) + (0 - 4) + 0
0
0 - 1 - (8 + (-7 - 7))
5
What is (-3 - (-6 - -7)) + 3?
-1
Evaluate -10 - (-1 + (-6 - (4 - 4))).
-3
What is the value of -5 + 3 + -2 + -4 + 0?
-8
What is 35 - 35 - (0 - 1)?
1
What is the value of (-1 + -1 - -2 - -3) + 1?
4
Calculate -3 - (-3 + 0 + -1).
1
-9 - -6 - (2 + -3 + 0)
-2
Evaluate (-12 + 9 - 3) + 11.
5
Evaluate (-5 - -6) + 4 + (-4 - -1).
2
Evaluate -6 + (6 - 2) + 2 + -3.
-3
What is 5 + (2 - (-3 - (-4 - -1)))?
7
What is the value of 0 + 2 - (6 + -5 - 0)?
1
What is -8 - ((8 - (12 + -7)) + -2)?
-9
Evaluate (4 - (6 - 0)) + 7.
5
Calculate -5 + 1 + 4 + -8 + 1.
-7
Calculate 8 - (3 + 0 + (0 - -1)).
4
3 + (-23 + 21 - (-1 + -1))
3
What is (-6 - -25 - 13) + 2 + -12?
-4
What is the value of 2 + -7 + 11 + (-3 - 2)?
1
What is (6 - 1) + (-2 + 5 - 5)?
3
-3 - (-4 + -2) - 7
-4
Calculate 5 + 2 - (-1 - -4).
4
Calculate 26 - (19 + 9) - (6 + 1).
-9
4 - (-1 - (-3 - -1))
3
Calculate -3 + -2 + 0 + (2 - 0).
-3
Calculate (3 - 4 - -4) + -5.
-2
What is the value of 1 - (-6 + 8 + (-4 - -9))?
-6
Calculate -6 + 1 + 3 + -4.
-6
-1 - ((-1 - 1) + 3)
-2
Calculate 0 + (3 - (-2 + 1)) + -3.
1
What is 0 + 5 - (9 + -13 + 9)?
0
Evaluate (-3 - 12 - 0) + 8.
-7
Calculate 1 + -2 + 3 + -6.
-4
Calculate (-1 - 3 - (28 - 25)) + 0.
-7
What is 1 - (-2 - (4 + -4))?
3
Calculate 9 - (-1 + -1 - -5).
6
What is the value of 8 + -11 - 1 - -9?
5
What is (-3 - 2) + 0 + 5?
0
What is the value of 5 + (2 - -6 - 7)?
6
Evaluate -4 - (9 + -16 + 5).
-2
What is the value of 8 - (4 - (5 - 8)) - 6?
-5
What is the value of (6 - -4 - 8) + 3?
5
-4 + (2 - (14 + -7))
-9
Calculate -1 + (1 + -1 + 2 - -1).
2
What is the value of (5 - (1 + 1)) + -2?
1
What is -6 + 5 + 0 + -5?
-6
(10 - 3 - 7) + 3
3
3 - 8 - -2 - (2 - 9)
4
Evaluate -2 + -6 + 9 + -6 + 2.
-3
-1 + 4 - (5 + -8 + 0)
6
What is the value of (1 - 3) + 5 + (-11 - -5)?
-3
Evaluate 5 - (-2 - (4 - 6)).
5
What is the value of -1 + 2 - (-32 + 29)?
4
Evaluate 5 + (2 - -2) - 9.
0
(-2 - -5) + (-2 - 4) + 3
0
Evaluate -1 + 4 + 1 - (-2 + 4).
2
What is 0 + (2 - 0 - 4)?
-2
Calculate -1 + (1 - 4) - (6 + -8).
-2
Evaluate -1 + 0 - (-1 - (4 + -8)).
-4
What is the value of -1 + 5 + (3 - (8 - 4))?
3
(2 + -3 - (3 + -1)) + -2
-5
(-7 - -5 - -14) + -5
7
What is (7 + (-13 - -6) - 5) + 2?
-3
What is 2 + -1 + (-4 - -3) + -1?
-1
What is the value of 8 + -10 - (-7 - (-1 + 0))?
4
What is (6 - (-7 + 21)) + 5?
-3
Calculate 15 + -15 - (0 - -4) - -8.
4
Evaluate (11 + -11 - (-4 - -1)) + -1.
2
What is the value of -5 + (-3 - 2 - -1) - -3?
-6
Evaluate -1 - -3 - 6 - (-1 + 2).
-5
-4 + 6 - (-4 + 14 + -2)
-6
Evaluate 3 - (0 - (-4 + -1)).
-2
Calculate -21 + 12 + 0 - -5.
-4
(9 + -1 - (1 - -3)) + 2
6
Calculate 14 + -2 + -6 - (1 - -2).
3
4 + -12 + 11 + -4
-1
24 - 29 - (-1 - 1 - 2)
-1
What is -3 - (-7 + 8 - 0)?
-4
Evaluate 5 - ((5 - 0) + 2).
-2
What is -13 + 11 + 3 + 0 + 2?
3
What is the value of -4 + (3 - 2) + 2?
-1
Evaluate 3 - (3 - -1 - -1) - 2.
-4
4 + (-3 + 4 + -1 - -1)
5
Evaluate 8 - (-6 + 11 - -9).
-6
What is (2 - 7 - -1) + 2 + 2?
0
Evaluate (15 - 15) + (-5 - (3 + -6)).
-2
(-1 - -1) + (-9 - (3 + -7))
-5
Evaluate 2 - (11 + 0 + -6).
-3
What is (-8 - -6 - -12) + -4?
6
Calculate -4 - (-5 - (0 - -4)).
5
What is (-1 - -1) + 161 + -160?
1
What is (-3 - -4 - -5) + -2?
4
What is the value of -5 - ((-2 - (-5 - -1)) + -5)?
-2
What is 3 - -2 - (2 + 1)?
2
Calculate 5 + (-12 - -3) - (-7 + -2).
5
Calculate 29 - 44 - (-11 - -1).
-5
Evaluate -90 - -87 - (-5 - 1).
3
What is the value of 2 + (2 + 1 + 0 - 3)?
2
What is -9 - (10 - (-11 - -28))?
-2
What is the value of -2 + -1 + 4 + 3 - 10?
-6
Calculate 4 - (7 + -7 - -6).
-2
Evaluate -6 + -3 + 2 + 3.
-4
Calculate (-2 - 2) + -4 + 7 + -4.
-5
What is (-7 + -1 - -